{"id":1874,"date":"2019-08-30T21:56:32","date_gmt":"2019-08-30T19:56:32","guid":{"rendered":"http:\/\/gruene-lk-ks.de\/baunatal\/?page_id=1874"},"modified":"2019-08-30T22:06:56","modified_gmt":"2019-08-30T20:06:56","slug":"antraege-2016","status":"publish","type":"page","link":"http:\/\/gruene-lk-ks.de\/baunatal\/aktuelles-aus-der-stavo\/antraege\/antraege-2016\/","title":{"rendered":"Antr\u00e4ge 2016"},"content":{"rendered":"\n<h4>Gr\u00fcne Antr\u00e4ge aus der StaVo vom 12.12.16<\/h4>\n\n\n<p style=\"padding-left: 30px\"><a href=\"http:\/\/gruene-lk-ks.de\/baunatal\/files\/2017\/01\/Antrag-2-HH-2017-F\u00f6rderprogramm-Altbausanierung.pdf\">Antrag 2-HH 2017-F\u00f6rderprogramm Altbausanierung<\/a><\/p>\n<p style=\"padding-left: 30px\"><a href=\"http:\/\/gruene-lk-ks.de\/baunatal\/files\/2017\/01\/Antrag-3-HH-2017-Stadtpark-Platz.pdf\">Antrag 3-HH 2017-Stadtpark-Platz<\/a><\/p>\n<p style=\"padding-left: 30px\"><a href=\"http:\/\/gruene-lk-ks.de\/baunatal\/files\/2017\/01\/Antrag-5-HH-2017-Wohnungsbauf\u00f6rderung.pdf\">Antrag 5-HH 2017-Wohnungsbauf\u00f6rderung<\/a><\/p>\n<p style=\"padding-left: 30px\"><a href=\"http:\/\/gruene-lk-ks.de\/baunatal\/files\/2017\/01\/Antrag-6-HH-2017-Kulturhalle-Gro\u00dfenritte.pdf\">Antrag 6-HH 2017-Kulturhalle Gro\u00dfenritte<\/a><\/p>\n<p style=\"padding-left: 30px\"><a href=\"http:\/\/gruene-lk-ks.de\/baunatal\/files\/2017\/01\/Antrag-7-HH-2017-Geb\u00e4udeleittechnik.pdf\">Antrag 7-HH 2017-Geb\u00e4udeleittechnik<\/a><\/p>\n\n\n<h4> Gr\u00fcne Antr\u00e4ge aus der Stavo vom 27.03.16 <\/h4>\n\n\n<p style=\"padding-left: 30px\"><a href=\"http:\/\/gruene-lk-ks.de\/baunatal\/files\/2017\/01\/Antrag-STVO-27.03.17-TOP-9-Wohnungsbaurichtlinien.pdf\">Antrag : TOP 9 Wohnungsbaurichtlinien<\/a><\/p>","protected":false},"excerpt":{"rendered":"<p>Gr\u00fcne Antr\u00e4ge aus der StaVo vom 12.12.16 Antrag 2-HH 2017-F\u00f6rderprogramm Altbausanierung Antrag 3-HH 2017-Stadtpark-Platz Antrag 5-HH 2017-Wohnungsbauf\u00f6rderung Antrag 6-HH 2017-Kulturhalle Gro\u00dfenritte Antrag 7-HH 2017-Geb\u00e4udeleittechnik Gr\u00fcne Antr\u00e4ge aus der Stavo vom&#8230; <\/p>\n","protected":false},"author":20,"featured_media":0,"parent":803,"menu_order":0,"comment_status":"closed","ping_status":"closed","template":"","meta":{"ngg_post_thumbnail":0},"_links":{"self":[{"href":"http:\/\/gruene-lk-ks.de\/baunatal\/wp-json\/wp\/v2\/pages\/1874"}],"collection":[{"href":"http:\/\/gruene-lk-ks.de\/baunatal\/wp-json\/wp\/v2\/pages"}],"about":[{"href":"http:\/\/gruene-lk-ks.de\/baunatal\/wp-json\/wp\/v2\/types\/page"}],"author":[{"embeddable":true,"href":"http:\/\/gruene-lk-ks.de\/baunatal\/wp-json\/wp\/v2\/users\/20"}],"replies":[{"embeddable":true,"href":"http:\/\/gruene-lk-ks.de\/baunatal\/wp-json\/wp\/v2\/comments?post=1874"}],"version-history":[{"count":4,"href":"http:\/\/gruene-lk-ks.de\/baunatal\/wp-json\/wp\/v2\/pages\/1874\/revisions"}],"predecessor-version":[{"id":1883,"href":"http:\/\/gruene-lk-ks.de\/baunatal\/wp-json\/wp\/v2\/pages\/1874\/revisions\/1883"}],"up":[{"embeddable":true,"href":"http:\/\/gruene-lk-ks.de\/baunatal\/wp-json\/wp\/v2\/pages\/803"}],"wp:attachment":[{"href":"http:\/\/gruene-lk-ks.de\/baunatal\/wp-json\/wp\/v2\/media?parent=1874"}],"curies":[{"name":"wp","href":"https:\/\/api.w.org\/{rel}","templated":true}]}}