{"id":1888,"date":"2019-08-31T10:04:06","date_gmt":"2019-08-31T08:04:06","guid":{"rendered":"http:\/\/gruene-lk-ks.de\/baunatal\/?page_id=1888"},"modified":"2019-08-31T10:15:23","modified_gmt":"2019-08-31T08:15:23","slug":"reden-und-beitraege-2016","status":"publish","type":"page","link":"http:\/\/gruene-lk-ks.de\/baunatal\/aktuelles-aus-der-stavo\/reden-und-beitraege\/reden-und-beitraege-2016\/","title":{"rendered":"Reden und Beitr\u00e4ge 2016"},"content":{"rendered":"<h3>Redebeitr\u00e4ge aus der Stavo vom 12.12.16<\/h3>\n<p><strong>zu TOP 1 &#8211; <\/strong><strong>Wirtschaftsplan 2017 und Finanzplan 2016-2020 der Stadtwerke Baunatal<\/strong><\/p>\n<pre>Redebeitrag von Lothar Rost, B 90 \/ Die Gr\u00fcnen<\/pre>\n<p>Zu den einzelnen Betriebszweigen haben wir folgende Anmerkungen:<\/p>\n<p><strong><u>Abwasser:<\/u><\/strong><\/p>\n<p>In der letzten Sitzung hatten wir die Niederschlagswassergeb\u00fchr erh\u00f6ht, um eine kostendeckende Benutzergeb\u00fchr zu erhalten.<\/p>\n<p>In der Ver\u00e4nderungsliste ist vorgesehen, von den Mehrerl\u00f6sen \u00fcber<\/p>\n<p>160.000 Euro \u00a0an die Stadt 80.000 Euro abzuf\u00fchren.<\/p>\n<p>Nach unserer Ansicht wird damit die Notwendigkeit der Geb\u00fchrenerh\u00f6hung in Frage gestellt.<\/p>\n<p><strong><u>Wasser:<\/u><\/strong><\/p>\n<p>Der Anteil der Eigenwasserversorgung ist in den letzten 10 Jahren<\/p>\n<p>von 50 % auf unter 30 % zur\u00fcckgegangen.<\/p>\n<p>Eine\u00a0 Fortschreibung der Wasserstudie aus 2008 ist f\u00fcr 2017 geplant und nach unserer Ansicht auch notwendig.<\/p>\n<p><strong><u>Fernw\u00e4rme:<\/u><\/strong><\/p>\n<p>F\u00fcr das Wirtschaftsjahr 2017 wird kein Gewinn erwartet.<\/p>\n<p>Bei den Vertragsverhandlungen mit VW-Kraftwerk von 2012 wurde von j\u00e4hrlich steigenden Energiepreisen ausgegangen.<\/p>\n<p><strong><u>B\u00e4der:<\/u><\/strong><\/p>\n<p>Von der Stadt sind Zuweisungen f\u00fcr die beiden B\u00e4der in H\u00f6he von<\/p>\n<p>\u00dcber 2,0 Mio. \u20ac erforderlich.<\/p>\n<p>Das gerichtliche Verfahren \u00fcber die Reparaturma\u00dfnahmen im Freizeitbad mit einer Schadenssumme von \u00fcber 1 Mio. \u20ac ist noch nicht abgeschlossen.<\/p>\n<p>Anfang 2017 soll das Ergebnis der Variantenstudie zur Sanierung des Sportbades vorgelegt werden. Eine Sanierung ist erst ab 20121 vorgesehen.<\/p>\n<p><strong><u>Stra\u00dfenbeleuchtung:<\/u><\/strong><\/p>\n<p>Die Umstellung auf LED-Beleuchtung wird in 2017 fortgesetzt, und damit sind dann rund 54% aller Leuchten umger\u00fcstet.<\/p>\n<p>Der Stromverbrauch konnte um 30% gesenkt werden.<\/p>\n<p><strong><u>Energie:<\/u><\/strong><\/p>\n<p>Die beiden Quartierskonzepte Innenstadt und Baunsberg und die Umsetzung des Konzeptes zur E-Mobilit\u00e4t sind in Bearbeitung.<\/p>\n<p><span style=\"text-decoration: line-through\">\u00a0<\/span><\/p>\n<p>Jetzt m\u00f6chte ich Ihnen unsere drei Antr\u00e4ge erl\u00e4utern, die alle mit Energieeinsparungen und Klimaschutz zu tun haben.<\/p>\n<p><strong>Antrag 5:<\/strong> \u201e<strong>Ausbau Erneuerbarer Energien\u201c <\/strong>\u00a0(100.000 Euro)<\/p>\n<p>Unseren Antrag ziehen wir aus folgenden Gr\u00fcnden zur\u00fcck:<\/p>\n<p>Im Investitionsprogramm sind 100.000 Euro als B\u00fcrgerbeteiligungsprojekt mit Beteiligung der hiesigen Banken, Wohnungsbaugesellschaften und Eigent\u00fcmergemeinschaften vorgesehen.<\/p>\n<p>Die Notwendigkeit dieser Mitteleinstellung wurde bisher nicht begr\u00fcndet.<\/p>\n<p>Nach Beschluss der Stadtverordnetenversammlung vom 28.09.2015 (also vor \u00fcber 15 Monaten) sollte ein Abschlussbericht vorgelegt werden.<\/p>\n<p>In der Fragestunde am 23. Mai 2016 wurde der Abschlussbericht f\u00fcr September 2016 angek\u00fcndigt. Der Bericht liegt immer noch nicht vor.<\/p>\n<p>Mit diesen zus\u00e4tzlichen Mitteln sollten vorrangig Solaranlagen auf den st\u00e4dtischen Geb\u00e4uden (wie z.B. KITA-Talrain und Feuerwehr-Altenbauna) installiert werden.<\/p>\n<p>Die in der Ver\u00e4nderungsliste enthaltenen Ausgaben f\u00fcr die Beteiligung am Windpark Stiftswald tragen wir mit.<\/p>\n<p><strong>Antrag 6: \u201eF\u00f6rderprogramm Geb\u00e4udesanierung\u201c<\/strong> (100.000 Euro )<\/p>\n<p>Das st\u00e4dtische Geb\u00e4udesanierungsprogramm \u00fcber Beratungsleistungen hat sich nicht bew\u00e4hrt.<\/p>\n<p>In diesem Jahr werden f\u00fcr acht Antr\u00e4ge nur ca. 4.000 Euro\u00a0 ausgezahlt.<\/p>\n<p>Mit unserem Antrag sollen energetische Sanierungen im Geb\u00e4udebestand st\u00e4rker gef\u00f6rdert werden.<\/p>\n<p>In Niestetal hat der dortige Energiebeauftragte, Herr Scheer, gute Erfahrungen mit einem Geb\u00e4udef\u00f6rderprogramm.<\/p>\n<p><strong>Antrag 11:<\/strong><\/p>\n<p>F\u00fcr eine <strong>\u201eGeb\u00e4udeleittechnik\u201c<\/strong> sind f\u00fcr die st\u00e4dtischen Geb\u00e4ude Feuerwehr Altenbauna und Sporthalle Hertingshausen 20.000 Euro vorzusehen.<\/p>\n<p>In der Sitzung des Bau- und Umweltausschusses am 01.11.2016 wurde dieser Punkt ohne einen externen Regelungsfachmann\u00a0 und ohne unseren Energiebeauftragten beraten.<\/p>\n<p>In der Sitzung gab es noch Fragen zu Referenzen und Kosten.<\/p>\n<p>In unserem Antrag haben wir Ihnen Kommunen genannt, die bereits ein Energiemanagement-System erfolgreich einsetzen.<\/p>\n<p>Eine Kostensch\u00e4tzung \u00fcber 19.780 Euro liegt der Verwaltung vor.<\/p>\n<p>Die Grundlage f\u00fcr eine Einstellung der Haushaltsmittel in H\u00f6he von 20.000 Euro ist damit gegeben.<\/p>\n<p>In den letzten Jahren sind wir in Bezug auf Energieeinsparungen keinen wesentlichen Schritt weitergekommen.<\/p>\n<p>Zur <strong>Aufgabe unseres Energiebeauftragten<\/strong> geh\u00f6rt die\u00a0<strong>\u201eEntwicklung von Energieeinsparstrategien<\/strong> im Bereich der st\u00e4dtischen Liegenschaften\u201c (so steht es in der Stellenbeschreibung von 2013).<\/p>\n<p>In diesem Bereich sehen wir noch einen erh\u00f6hten Handlungsbedarf durch unseren Energiebeauftragten.<\/p>\n<p>Bevor wir Beratungsleistungen in der Gemeinde Ederm\u00fcnde durchf\u00fchren, sollten wir uns lieber auf unsere eigenen Energieprojekte konzentrieren.<\/p>\n<p><strong>Wir GR\u00dcNE werden uns auch weiterhin f\u00fcr Energieeinsparma\u00dfnahmen und damit f\u00fcr den Klimaschutz in Baunatal einsetzen.<\/strong><\/p>\n<p>Denn: <strong>\u201eDie Kommunen sind der Motor der Energiewende\u201c<\/strong><\/p>\n<p>Ich danke f\u00fcr Ihre Aufmerksamkeit.<\/p>\n<hr \/>\n<p><strong><u>zu\u00a0TOP 3 \u2013 Soziale Stadt<\/u><\/strong><\/p>\n<pre>Redebeitrag von Lothar Rost, B 90 \/ Die Gr\u00fcnen<\/pre>\n<p>Durch das Programm Soziale Stadt mit einer Reihe von Pl\u00e4nen und Konzepten kann die Attraktivit\u00e4t und Lebensqualit\u00e4t im Wohngebiet erhalten und verbessert werden.<\/p>\n<p>Von 2017 bis 2020 sind Investitionen von ca. 1,8 Mio. \u20ac \u00a0mit Landeszusch\u00fcssen von \u00fcber 50 % (963.000 \u20ac) vorgesehen.<\/p>\n<p>Wir schlagen vor, einmal im Jahr einen Zwischenbericht \u00fcber umgesetzte und geplante Ma\u00dfnahmen vorzulegen.<\/p>\n<p>Wir werden dieser Vorlage unsere Zustimmung geben.<\/p>\n<hr \/>\n<p><span style=\"text-decoration: underline\"><strong>zu\u00a0TOP 4 \u2013 ALDI<\/strong><\/span><\/p>\n<pre>Redebeitrag von Lothar Rost, B 90 \/ Die Gr\u00fcnen<\/pre>\n<p>Aus folgenden Gr\u00fcnden werden wir mehrheitlich f\u00fcr den Neubau stimmen:<\/p>\n<ul>\n<li>Das Warenangebot wird durch die Vergr\u00f6\u00dferung der Verkaufsfl\u00e4che von 800 m\u00b2 auf ca. 1.5oo m\u00b2 ausgeweitet.<\/li>\n<li>Die Verkehrs &#8211; und Parkplatzsituation wird verbessert.<\/li>\n<\/ul>\n<p>Die Anzahl der 83 Stellpl\u00e4tze bleibt bestehen, und die Parkpl\u00e4tze werden von 2,50 m auf 2,80 m verbreitert.<\/p>\n<ul>\n<li>Durch den Fachbeitrag Umwelt wurden keine zus\u00e4tzlichen Beeintr\u00e4chtigungen auf Natur und Landschaft festgestellt.<\/li>\n<\/ul>\n<p>Im Eingangsbereich bleiben die vier Linden erhalten,<\/p>\n<p>und es werden ca. 20 neue Laubb\u00e4ume gepflanzt.<\/p>\n<p>Im Bau- und Umweltausschuss am 29.11.2016 hatten wir noch folgende Punkte zur Pr\u00fcfung mit dem Investor vorgeschlagen:<\/p>\n<ol>\n<li>Fassadenbegr\u00fcnung<\/li>\n<li>KfW \u2013 Effizienzhaus 55<\/li>\n<li>Fernw\u00e4rmeanschluss<\/li>\n<li>PV-Anlage<\/li>\n<li>E-Tankstellen.<\/li>\n<\/ol>\n<p>Bei einem Besuch des neuen ALDI-Marktes\u00a0 in Bad Emstal Sand am<\/p>\n<p>01.12. 2016 habe ich erfahren (Gespr\u00e4ch mit Herrn Kampermann,<\/p>\n<p>Leiter Immobilien bei ALDI-Nord), dass die Geb\u00e4ude im Nullenergiestandard erstellt werden.<\/p>\n<p>Durch eine Photovoltaikanlage mit einer Leistung von ca. 130 kWp werden rund 80 % des gewonnenen Solarstroms f\u00fcr Beleuchtung, K\u00fchltruhen und Backautomaten in der Filiale selbst genutzt.<\/p>\n<p>Die Beheizung des Geb\u00e4udes erfolgt \u00fcber die W\u00e4rmer\u00fcckgewinnung der K\u00e4lteanlagen und einer W\u00e4rmepumpenanlage.<\/p>\n<p>Ein Gasanschluss oder eine Fernw\u00e4rmeversorgung ist nicht erforderlich.<\/p>\n<p>Wir fragen uns, warum sind diese wichtigen Informationen zum Energiestandard des geplanten Geb\u00e4udes nicht in der Vorlage von 65 Seiten enthalten sind und warum keine Erl\u00e4uterung im Ausschuss erfolgte.<\/p>\n<p>Zur F\u00f6rderung der Elektromobilit\u00e4t hat ALDI S\u00dcD bereits rund 50 Ladestationen f\u00fcr Elektrofahrzeuge und-fahrr\u00e4der zum kostenlosen Tanken in Betrieb.<\/p>\n<p>Die Errichtung von E-Tankstellen ist auch bei uns anzustreben.<\/p>\n","protected":false},"excerpt":{"rendered":"<p>Redebeitr\u00e4ge aus der Stavo vom 12.12.16 zu TOP 1 &#8211; Wirtschaftsplan 2017 und Finanzplan 2016-2020 der Stadtwerke Baunatal Redebeitrag von Lothar Rost, B 90 \/ Die Gr\u00fcnen Zu den einzelnen&#8230; <\/p>\n","protected":false},"author":20,"featured_media":0,"parent":799,"menu_order":0,"comment_status":"closed","ping_status":"closed","template":"","meta":{"ngg_post_thumbnail":0},"_links":{"self":[{"href":"http:\/\/gruene-lk-ks.de\/baunatal\/wp-json\/wp\/v2\/pages\/1888"}],"collection":[{"href":"http:\/\/gruene-lk-ks.de\/baunatal\/wp-json\/wp\/v2\/pages"}],"about":[{"href":"http:\/\/gruene-lk-ks.de\/baunatal\/wp-json\/wp\/v2\/types\/page"}],"author":[{"embeddable":true,"href":"http:\/\/gruene-lk-ks.de\/baunatal\/wp-json\/wp\/v2\/users\/20"}],"replies":[{"embeddable":true,"href":"http:\/\/gruene-lk-ks.de\/baunatal\/wp-json\/wp\/v2\/comments?post=1888"}],"version-history":[{"count":3,"href":"http:\/\/gruene-lk-ks.de\/baunatal\/wp-json\/wp\/v2\/pages\/1888\/revisions"}],"predecessor-version":[{"id":1898,"href":"http:\/\/gruene-lk-ks.de\/baunatal\/wp-json\/wp\/v2\/pages\/1888\/revisions\/1898"}],"up":[{"embeddable":true,"href":"http:\/\/gruene-lk-ks.de\/baunatal\/wp-json\/wp\/v2\/pages\/799"}],"wp:attachment":[{"href":"http:\/\/gruene-lk-ks.de\/baunatal\/wp-json\/wp\/v2\/media?parent=1888"}],"curies":[{"name":"wp","href":"https:\/\/api.w.org\/{rel}","templated":true}]}}

Reden und Beiträge 2016

<h3>Redebeiträge aus der Stavo vom 12.12.16</h3>
<p><strong>zu TOP 1 &#8211; </strong><strong>Wirtschaftsplan 2017 und Finanzplan 2016-2020 der Stadtwerke Baunatal</strong></p>
<pre>Redebeitrag von Lothar Rost, B 90 / Die Grünen</pre>
<p>Zu den einzelnen Betriebszweigen haben wir folgende Anmerkungen:</p>
<p><strong><u>Abwasser:</u></strong></p>
<p>In der letzten Sitzung hatten wir die Niederschlagswassergebühr erhöht, um eine kostendeckende Benutzergebühr zu erhalten.</p>
<p>In der Veränderungsliste ist vorgesehen, von den Mehrerlösen über</p>
<p>160.000 Euro  an die Stadt 80.000 Euro abzuführen.</p>
<p>Nach unserer Ansicht wird damit die Notwendigkeit der Gebührenerhöhung in Frage gestellt.</p>
<p><strong><u>Wasser:</u></strong></p>
<p>Der Anteil der Eigenwasserversorgung ist in den letzten 10 Jahren</p>
<p>von 50 % auf unter 30 % zurückgegangen.</p>
<p>Eine  Fortschreibung der Wasserstudie aus 2008 ist für 2017 geplant und nach unserer Ansicht auch notwendig.</p>
<p><strong><u>Fernwärme:</u></strong></p>
<p>Für das Wirtschaftsjahr 2017 wird kein Gewinn erwartet.</p>
<p>Bei den Vertragsverhandlungen mit VW-Kraftwerk von 2012 wurde von jährlich steigenden Energiepreisen ausgegangen.</p>
<p><strong><u>Bäder:</u></strong></p>
<p>Von der Stadt sind Zuweisungen für die beiden Bäder in Höhe von</p>
<p>Über 2,0 Mio. € erforderlich.</p>
<p>Das gerichtliche Verfahren über die Reparaturmaßnahmen im Freizeitbad mit einer Schadenssumme von über 1 Mio. € ist noch nicht abgeschlossen.</p>
<p>Anfang 2017 soll das Ergebnis der Variantenstudie zur Sanierung des Sportbades vorgelegt werden. Eine Sanierung ist erst ab 20121 vorgesehen.</p>
<p><strong><u>Straßenbeleuchtung:</u></strong></p>
<p>Die Umstellung auf LED-Beleuchtung wird in 2017 fortgesetzt, und damit sind dann rund 54% aller Leuchten umgerüstet.</p>
<p>Der Stromverbrauch konnte um 30% gesenkt werden.</p>
<p><strong><u>Energie:</u></strong></p>
<p>Die beiden Quartierskonzepte Innenstadt und Baunsberg und die Umsetzung des Konzeptes zur E-Mobilität sind in Bearbeitung.</p>
<p><span style="text-decoration: line-through"> </span></p>
<p>Jetzt möchte ich Ihnen unsere drei Anträge erläutern, die alle mit Energieeinsparungen und Klimaschutz zu tun haben.</p>
<p><strong>Antrag 5:</strong> „<strong>Ausbau Erneuerbarer Energien“ </strong> (100.000 Euro)</p>
<p>Unseren Antrag ziehen wir aus folgenden Gründen zurück:</p>
<p>Im Investitionsprogramm sind 100.000 Euro als Bürgerbeteiligungsprojekt mit Beteiligung der hiesigen Banken, Wohnungsbaugesellschaften und Eigentümergemeinschaften vorgesehen.</p>
<p>Die Notwendigkeit dieser Mitteleinstellung wurde bisher nicht begründet.</p>
<p>Nach Beschluss der Stadtverordnetenversammlung vom 28.09.2015 (also vor über 15 Monaten) sollte ein Abschlussbericht vorgelegt werden.</p>
<p>In der Fragestunde am 23. Mai 2016 wurde der Abschlussbericht für September 2016 angekündigt. Der Bericht liegt immer noch nicht vor.</p>
<p>Mit diesen zusätzlichen Mitteln sollten vorrangig Solaranlagen auf den städtischen Gebäuden (wie z.B. KITA-Talrain und Feuerwehr-Altenbauna) installiert werden.</p>
<p>Die in der Veränderungsliste enthaltenen Ausgaben für die Beteiligung am Windpark Stiftswald tragen wir mit.</p>
<p><strong>Antrag 6: „Förderprogramm Gebäudesanierung“</strong> (100.000 Euro )</p>
<p>Das städtische Gebäudesanierungsprogramm über Beratungsleistungen hat sich nicht bewährt.</p>
<p>In diesem Jahr werden für acht Anträge nur ca. 4.000 Euro  ausgezahlt.</p>
<p>Mit unserem Antrag sollen energetische Sanierungen im Gebäudebestand stärker gefördert werden.</p>
<p>In Niestetal hat der dortige Energiebeauftragte, Herr Scheer, gute Erfahrungen mit einem Gebäudeförderprogramm.</p>
<p><strong>Antrag 11:</strong></p>
<p>Für eine <strong>„Gebäudeleittechnik“</strong> sind für die städtischen Gebäude Feuerwehr Altenbauna und Sporthalle Hertingshausen 20.000 Euro vorzusehen.</p>
<p>In der Sitzung des Bau- und Umweltausschusses am 01.11.2016 wurde dieser Punkt ohne einen externen Regelungsfachmann  und ohne unseren Energiebeauftragten beraten.</p>
<p>In der Sitzung gab es noch Fragen zu Referenzen und Kosten.</p>
<p>In unserem Antrag haben wir Ihnen Kommunen genannt, die bereits ein Energiemanagement-System erfolgreich einsetzen.</p>
<p>Eine Kostenschätzung über 19.780 Euro liegt der Verwaltung vor.</p>
<p>Die Grundlage für eine Einstellung der Haushaltsmittel in Höhe von 20.000 Euro ist damit gegeben.</p>
<p>In den letzten Jahren sind wir in Bezug auf Energieeinsparungen keinen wesentlichen Schritt weitergekommen.</p>
<p>Zur <strong>Aufgabe unseres Energiebeauftragten</strong> gehört die <strong>„Entwicklung von Energieeinsparstrategien</strong> im Bereich der städtischen Liegenschaften“ (so steht es in der Stellenbeschreibung von 2013).</p>
<p>In diesem Bereich sehen wir noch einen erhöhten Handlungsbedarf durch unseren Energiebeauftragten.</p>
<p>Bevor wir Beratungsleistungen in der Gemeinde Edermünde durchführen, sollten wir uns lieber auf unsere eigenen Energieprojekte konzentrieren.</p>
<p><strong>Wir GRÜNE werden uns auch weiterhin für Energieeinsparmaßnahmen und damit für den Klimaschutz in Baunatal einsetzen.</strong></p>
<p>Denn: <strong>„Die Kommunen sind der Motor der Energiewende“</strong></p>
<p>Ich danke für Ihre Aufmerksamkeit.</p>
<hr />
<p><strong><u>zu TOP 3 – Soziale Stadt</u></strong></p>
<pre>Redebeitrag von Lothar Rost, B 90 / Die Grünen</pre>
<p>Durch das Programm Soziale Stadt mit einer Reihe von Plänen und Konzepten kann die Attraktivität und Lebensqualität im Wohngebiet erhalten und verbessert werden.</p>
<p>Von 2017 bis 2020 sind Investitionen von ca. 1,8 Mio. €  mit Landeszuschüssen von über 50 % (963.000 €) vorgesehen.</p>
<p>Wir schlagen vor, einmal im Jahr einen Zwischenbericht über umgesetzte und geplante Maßnahmen vorzulegen.</p>
<p>Wir werden dieser Vorlage unsere Zustimmung geben.</p>
<hr />
<p><span style="text-decoration: underline"><strong>zu TOP 4 – ALDI</strong></span></p>
<pre>Redebeitrag von Lothar Rost, B 90 / Die Grünen</pre>
<p>Aus folgenden Gründen werden wir mehrheitlich für den Neubau stimmen:</p>
<ul>
<li>Das Warenangebot wird durch die Vergrößerung der Verkaufsfläche von 800 m² auf ca. 1.5oo m² ausgeweitet.</li>
<li>Die Verkehrs &#8211; und Parkplatzsituation wird verbessert.</li>
</ul>
<p>Die Anzahl der 83 Stellplätze bleibt bestehen, und die Parkplätze werden von 2,50 m auf 2,80 m verbreitert.</p>
<ul>
<li>Durch den Fachbeitrag Umwelt wurden keine zusätzlichen Beeinträchtigungen auf Natur und Landschaft festgestellt.</li>
</ul>
<p>Im Eingangsbereich bleiben die vier Linden erhalten,</p>
<p>und es werden ca. 20 neue Laubbäume gepflanzt.</p>
<p>Im Bau- und Umweltausschuss am 29.11.2016 hatten wir noch folgende Punkte zur Prüfung mit dem Investor vorgeschlagen:</p>
<ol>
<li>Fassadenbegrünung</li>
<li>KfW – Effizienzhaus 55</li>
<li>Fernwärmeanschluss</li>
<li>PV-Anlage</li>
<li>E-Tankstellen.</li>
</ol>
<p>Bei einem Besuch des neuen ALDI-Marktes  in Bad Emstal Sand am</p>
<p>01.12. 2016 habe ich erfahren (Gespräch mit Herrn Kampermann,</p>
<p>Leiter Immobilien bei ALDI-Nord), dass die Gebäude im Nullenergiestandard erstellt werden.</p>
<p>Durch eine Photovoltaikanlage mit einer Leistung von ca. 130 kWp werden rund 80 % des gewonnenen Solarstroms für Beleuchtung, Kühltruhen und Backautomaten in der Filiale selbst genutzt.</p>
<p>Die Beheizung des Gebäudes erfolgt über die Wärmerückgewinnung der Kälteanlagen und einer Wärmepumpenanlage.</p>
<p>Ein Gasanschluss oder eine Fernwärmeversorgung ist nicht erforderlich.</p>
<p>Wir fragen uns, warum sind diese wichtigen Informationen zum Energiestandard des geplanten Gebäudes nicht in der Vorlage von 65 Seiten enthalten sind und warum keine Erläuterung im Ausschuss erfolgte.</p>
<p>Zur Förderung der Elektromobilität hat ALDI SÜD bereits rund 50 Ladestationen für Elektrofahrzeuge und-fahrräder zum kostenlosen Tanken in Betrieb.</p>
<p>Die Errichtung von E-Tankstellen ist auch bei uns anzustreben.</p>

<p>Redebeiträge aus der Stavo vom 12.12.16 zu TOP 1 &#8211; Wirtschaftsplan 2017 und Finanzplan 2016-2020 der Stadtwerke Baunatal Redebeitrag von Lothar Rost, B 90 / Die Grünen Zu den einzelnen&#8230; </p>
