{"id":2319,"date":"2020-06-30T21:36:47","date_gmt":"2020-06-30T19:36:47","guid":{"rendered":"http:\/\/gruene-lk-ks.de\/baunatal\/?page_id=2319"},"modified":"2020-06-30T21:52:34","modified_gmt":"2020-06-30T19:52:34","slug":"antraege-von-2019","status":"publish","type":"page","link":"http:\/\/gruene-lk-ks.de\/baunatal\/aktuelles-aus-der-stavo\/antraege\/antraege-von-2019\/","title":{"rendered":"Antr\u00e4ge von 2019"},"content":{"rendered":"\n<p><a href=\"http:\/\/gruene-lk-ks.de\/baunatal\/files\/2020\/06\/2019_Antrag-1_Ma\u00dfnahmen-zur-Verbesserung-der-Information-und-Transparenz_18.1.2019.pdf\" target=\"_blank\" rel=\"noreferrer noopener\" aria-label=\"Ma\u00dfnahmen zur Verbesserung der Information und Transparenz_18.1.2019 (\u00f6ffnet in neuem Tab)\">Ma\u00dfnahmen zur Verbesserung der Information und Transparenz_18.1.2019<\/a><\/p>\n\n\n\n<p><a href=\"http:\/\/gruene-lk-ks.de\/baunatal\/files\/2020\/06\/2019_Antrag-2_Ma\u00dfnahmen-zur-Verbesserung-der-\u00dcberwachungspflicht_11.2.2019.pdf\" target=\"_blank\" rel=\"noreferrer noopener\" aria-label=\"Ma\u00dfnahmen zur Verbesserung der \u00dcberwachungspflicht_11.2.2019 (\u00f6ffnet in neuem Tab)\">Ma\u00dfnahmen zur Verbesserung der \u00dcberwachungspflicht_11.2.2019<\/a><\/p>\n\n\n\n<p><a rel=\"noreferrer noopener\" aria-label=\"Ausschreibung 1.Stadrat*r\u00e4tin_29.1.2019\n (\u00f6ffnet in neuem Tab)\" href=\"http:\/\/gruene-lk-ks.de\/baunatal\/files\/2020\/06\/2019_Antrag-3_Ausschreibung-1.Stadtrat_r\u00e4tin_29.1.2019.pdf\" target=\"_blank\">Ausschreibung 1.Stadrat*r\u00e4tin_29.1.2019<\/a><\/p>\n\n\n\n<p><a rel=\"noreferrer noopener\" aria-label=\"Ausschreibung 1. Stdtrat_r\u00e4tin_25.2.2019 (\u00f6ffnet in neuem Tab)\" href=\"http:\/\/gruene-lk-ks.de\/baunatal\/files\/2020\/06\/2019_Antrag-3_Ausschreibung-1.-Stdtrat_r\u00e4tin_25.2.2019.pdf\" target=\"_blank\">Ausschreibung 1. Stadtrat*r\u00e4tin_25.2.2019<\/a><\/p>\n\n\n\n<p><a href=\"http:\/\/gruene-lk-ks.de\/baunatal\/files\/2020\/06\/2019_Antrag-4_Baugebiet-Wei\u00dfes-Feld-Stra\u00dfenausbau_1.8.2019.pdf\" target=\"_blank\" rel=\"noreferrer noopener\" aria-label=\"Baugebiet Wei\u00dfes Feld, Stra\u00dfenausbau_1.8.2019 (\u00f6ffnet in neuem Tab)\">Baugebiet Wei\u00dfes Feld, Stra\u00dfenausbau_1.8.2019<\/a><\/p>\n\n\n\n<p><a href=\"http:\/\/gruene-lk-ks.de\/baunatal\/files\/2020\/06\/2019_Antrag-5_Trineweg-Verkehrsberuhigung_1.8.2019.pdf\" target=\"_blank\" rel=\"noreferrer noopener\" aria-label=\"Trineweg-Verkehrsberuhigung_1.8.2019 (\u00f6ffnet in neuem Tab)\">Trineweg-Verkehrsberuhigung_1.8.2019<\/a><\/p>\n\n\n\n<p><a href=\"http:\/\/gruene-lk-ks.de\/baunatal\/files\/2020\/06\/2019_Antrag_Ehrung-Manfred-Schaub_11.11.19.pdf\" target=\"_blank\" rel=\"noreferrer noopener\" aria-label=\"Ehrung Manfred Schaub_11.11.19 (\u00f6ffnet in neuem Tab)\">Ehrung Manfred Schaub_11.11.19<\/a><\/p>\n\n\n\n<p><a href=\"http:\/\/gruene-lk-ks.de\/baunatal\/files\/2020\/06\/2019_Antrag-7_Stra\u00dfenreinigungssatzung_16.11.2019.pdf\" target=\"_blank\" rel=\"noreferrer noopener\" aria-label=\"Stra\u00dfenreinigungssatzung_16.11.2019 (\u00f6ffnet in neuem Tab)\">Stra\u00dfenreinigungssatzung_16.11.2019<\/a><\/p>\n\n\n\n<p><a href=\"http:\/\/gruene-lk-ks.de\/baunatal\/files\/2020\/06\/2019_Antrag-6_Nutzung-Stadtpark_17.11.2019.pdf\" target=\"_blank\" rel=\"noreferrer noopener\" aria-label=\"Nutzung Stadtpark_17.11.2019 (\u00f6ffnet in neuem Tab)\">Nutzung Stadtpark_17.11.2019<\/a><\/p>\n","protected":false},"excerpt":{"rendered":"<p>Ma\u00dfnahmen zur Verbesserung der Information und Transparenz_18.1.2019 Ma\u00dfnahmen zur Verbesserung der \u00dcberwachungspflicht_11.2.2019 Ausschreibung 1.Stadrat*r\u00e4tin_29.1.2019 Ausschreibung 1. Stadtrat*r\u00e4tin_25.2.2019 Baugebiet Wei\u00dfes Feld, Stra\u00dfenausbau_1.8.2019 Trineweg-Verkehrsberuhigung_1.8.2019 Ehrung Manfred Schaub_11.11.19 Stra\u00dfenreinigungssatzung_16.11.2019 Nutzung Stadtpark_17.11.2019<\/p>\n","protected":false},"author":20,"featured_media":0,"parent":803,"menu_order":0,"comment_status":"closed","ping_status":"closed","template":"","meta":{"ngg_post_thumbnail":0},"_links":{"self":[{"href":"http:\/\/gruene-lk-ks.de\/baunatal\/wp-json\/wp\/v2\/pages\/2319"}],"collection":[{"href":"http:\/\/gruene-lk-ks.de\/baunatal\/wp-json\/wp\/v2\/pages"}],"about":[{"href":"http:\/\/gruene-lk-ks.de\/baunatal\/wp-json\/wp\/v2\/types\/page"}],"author":[{"embeddable":true,"href":"http:\/\/gruene-lk-ks.de\/baunatal\/wp-json\/wp\/v2\/users\/20"}],"replies":[{"embeddable":true,"href":"http:\/\/gruene-lk-ks.de\/baunatal\/wp-json\/wp\/v2\/comments?post=2319"}],"version-history":[{"count":5,"href":"http:\/\/gruene-lk-ks.de\/baunatal\/wp-json\/wp\/v2\/pages\/2319\/revisions"}],"predecessor-version":[{"id":2340,"href":"http:\/\/gruene-lk-ks.de\/baunatal\/wp-json\/wp\/v2\/pages\/2319\/revisions\/2340"}],"up":[{"embeddable":true,"href":"http:\/\/gruene-lk-ks.de\/baunatal\/wp-json\/wp\/v2\/pages\/803"}],"wp:attachment":[{"href":"http:\/\/gruene-lk-ks.de\/baunatal\/wp-json\/wp\/v2\/media?parent=2319"}],"curies":[{"name":"wp","href":"https:\/\/api.w.org\/{rel}","templated":true}]}}

Anträge von 2019

<p><a href="http://gruene-lk-ks.de/baunatal/files/2020/06/2019_Antrag-1_Maßnahmen-zur-Verbesserung-der-Information-und-Transparenz_18.1.2019.pdf" target="_blank" rel="noreferrer noopener" aria-label="Maßnahmen zur Verbesserung der Information und Transparenz_18.1.2019 (öffnet in neuem Tab)">Maßnahmen zur Verbesserung der Information und Transparenz_18.1.2019</a></p>



<p><a href="http://gruene-lk-ks.de/baunatal/files/2020/06/2019_Antrag-2_Maßnahmen-zur-Verbesserung-der-Überwachungspflicht_11.2.2019.pdf" target="_blank" rel="noreferrer noopener" aria-label="Maßnahmen zur Verbesserung der Überwachungspflicht_11.2.2019 (öffnet in neuem Tab)">Maßnahmen zur Verbesserung der Überwachungspflicht_11.2.2019</a></p>



<p><a rel="noreferrer noopener" aria-label="Ausschreibung 1.Stadrat*rätin_29.1.2019
 (öffnet in neuem Tab)" href="http://gruene-lk-ks.de/baunatal/files/2020/06/2019_Antrag-3_Ausschreibung-1.Stadtrat_rätin_29.1.2019.pdf" target="_blank">Ausschreibung 1.Stadrat*rätin_29.1.2019</a></p>



<p><a rel="noreferrer noopener" aria-label="Ausschreibung 1. Stdtrat_rätin_25.2.2019 (öffnet in neuem Tab)" href="http://gruene-lk-ks.de/baunatal/files/2020/06/2019_Antrag-3_Ausschreibung-1.-Stdtrat_rätin_25.2.2019.pdf" target="_blank">Ausschreibung 1. Stadtrat*rätin_25.2.2019</a></p>



<p><a href="http://gruene-lk-ks.de/baunatal/files/2020/06/2019_Antrag-4_Baugebiet-Weißes-Feld-Straßenausbau_1.8.2019.pdf" target="_blank" rel="noreferrer noopener" aria-label="Baugebiet Weißes Feld, Straßenausbau_1.8.2019 (öffnet in neuem Tab)">Baugebiet Weißes Feld, Straßenausbau_1.8.2019</a></p>



<p><a href="http://gruene-lk-ks.de/baunatal/files/2020/06/2019_Antrag-5_Trineweg-Verkehrsberuhigung_1.8.2019.pdf" target="_blank" rel="noreferrer noopener" aria-label="Trineweg-Verkehrsberuhigung_1.8.2019 (öffnet in neuem Tab)">Trineweg-Verkehrsberuhigung_1.8.2019</a></p>



<p><a href="http://gruene-lk-ks.de/baunatal/files/2020/06/2019_Antrag_Ehrung-Manfred-Schaub_11.11.19.pdf" target="_blank" rel="noreferrer noopener" aria-label="Ehrung Manfred Schaub_11.11.19 (öffnet in neuem Tab)">Ehrung Manfred Schaub_11.11.19</a></p>



<p><a href="http://gruene-lk-ks.de/baunatal/files/2020/06/2019_Antrag-7_Straßenreinigungssatzung_16.11.2019.pdf" target="_blank" rel="noreferrer noopener" aria-label="Straßenreinigungssatzung_16.11.2019 (öffnet in neuem Tab)">Straßenreinigungssatzung_16.11.2019</a></p>



<p><a href="http://gruene-lk-ks.de/baunatal/files/2020/06/2019_Antrag-6_Nutzung-Stadtpark_17.11.2019.pdf" target="_blank" rel="noreferrer noopener" aria-label="Nutzung Stadtpark_17.11.2019 (öffnet in neuem Tab)">Nutzung Stadtpark_17.11.2019</a></p>

<p>Maßnahmen zur Verbesserung der Information und Transparenz_18.1.2019 Maßnahmen zur Verbesserung der Überwachungspflicht_11.2.2019 Ausschreibung 1.Stadrat*rätin_29.1.2019 Ausschreibung 1. Stadtrat*rätin_25.2.2019 Baugebiet Weißes Feld, Straßenausbau_1.8.2019 Trineweg-Verkehrsberuhigung_1.8.2019 Ehrung Manfred Schaub_11.11.19 Straßenreinigungssatzung_16.11.2019 Nutzung Stadtpark_17.11.2019</p>
