{"id":3328,"date":"2023-02-23T20:32:42","date_gmt":"2023-02-23T18:32:42","guid":{"rendered":"http:\/\/gruene-lk-ks.de\/baunatal\/?page_id=3328"},"modified":"2024-11-04T17:55:28","modified_gmt":"2024-11-04T15:55:28","slug":"ortsverband","status":"publish","type":"page","link":"http:\/\/gruene-lk-ks.de\/baunatal\/ortsverband\/","title":{"rendered":"Ortsverband"},"content":{"rendered":"\n<p>Auf dieser Seite stellen wir nach und nach Informationen zum Gr\u00fcnen Ortsverband in Baunatal zur Verf\u00fcgung: unsere Aktivit\u00e4ten und wie man mitmachen kann. <\/p>\n\n\n\n<p>Hinweis: Die dargestellten Meinungen des Ortsverbandes und der Fraktion k\u00f6nnen in einzelnen Punkten voneinander abweichen. <\/p>\n\n\n\n<p><\/p>\n","protected":false},"excerpt":{"rendered":"<p>Auf dieser Seite stellen wir nach und nach Informationen zum Gr\u00fcnen Ortsverband in Baunatal zur Verf\u00fcgung: unsere Aktivit\u00e4ten und wie man mitmachen kann. Hinweis: Die dargestellten Meinungen des Ortsverbandes und&#8230; <\/p>\n","protected":false},"author":20,"featured_media":0,"parent":0,"menu_order":0,"comment_status":"closed","ping_status":"closed","template":"","meta":{"ngg_post_thumbnail":0},"_links":{"self":[{"href":"http:\/\/gruene-lk-ks.de\/baunatal\/wp-json\/wp\/v2\/pages\/3328"}],"collection":[{"href":"http:\/\/gruene-lk-ks.de\/baunatal\/wp-json\/wp\/v2\/pages"}],"about":[{"href":"http:\/\/gruene-lk-ks.de\/baunatal\/wp-json\/wp\/v2\/types\/page"}],"author":[{"embeddable":true,"href":"http:\/\/gruene-lk-ks.de\/baunatal\/wp-json\/wp\/v2\/users\/20"}],"replies":[{"embeddable":true,"href":"http:\/\/gruene-lk-ks.de\/baunatal\/wp-json\/wp\/v2\/comments?post=3328"}],"version-history":[{"count":9,"href":"http:\/\/gruene-lk-ks.de\/baunatal\/wp-json\/wp\/v2\/pages\/3328\/revisions"}],"predecessor-version":[{"id":3934,"href":"http:\/\/gruene-lk-ks.de\/baunatal\/wp-json\/wp\/v2\/pages\/3328\/revisions\/3934"}],"wp:attachment":[{"href":"http:\/\/gruene-lk-ks.de\/baunatal\/wp-json\/wp\/v2\/media?parent=3328"}],"curies":[{"name":"wp","href":"https:\/\/api.w.org\/{rel}","templated":true}]}}