{"id":3616,"date":"2023-09-08T11:57:33","date_gmt":"2023-09-08T09:57:33","guid":{"rendered":"http:\/\/gruene-lk-ks.de\/baunatal\/?page_id=3616"},"modified":"2023-09-08T11:57:34","modified_gmt":"2023-09-08T09:57:34","slug":"ag-soziales","status":"publish","type":"page","link":"http:\/\/gruene-lk-ks.de\/baunatal\/ag-soziales\/","title":{"rendered":"AG Soziales"},"content":{"rendered":"\n<p><strong><em>Wir m\u00f6chten uns vorstellen:<\/em><\/strong><\/p>\n\n\n\n<p>Zur Zeit sind wir drei Aktive Mitglieder des OV in der Arbeitsgemeinschaft, die sich zu sozialen Themen in Baunatal austauschen.<\/p>\n\n\n\n<p><strong><em>Uns bewegt:<\/em><\/strong><\/p>\n\n\n\n<p>Wie kann soziale Politik in Baunatal sozialgerecht gestaltet werden? Wie k\u00f6nnen die B\u00fcrger*innen in sozialen Belangen unterst\u00fctzt werden? Wie kann in Baunatal eine gelungene Integration und Inklusion aller Bev\u00f6lkerungsgruppen erreicht werden? Welche Angebote zur Unterst\u00fctzung gibt es hierzu von Seiten der Stadt Baunatal und von Freien Tr\u00e4gern? Wo kann GR\u00dcNE Kommunalpolitik allgemein ansetzen, aber auch spezifisch die Interessen einzelner Bev\u00f6lkerungsgruppen (z.B. von Familien mit Kindern, Sporttreibenden, Ukraine-Fl\u00fcchtlingen, Religionsgemeinschaften, \u2026) unterst\u00fctzen, vertreten und f\u00f6rdern\u2026<\/p>\n\n\n\n<p><strong><em>Unser Ziele:<\/em><\/strong><\/p>\n\n\n\n<p>Wir m\u00f6chten Sozialpolitik offen und transparent, an den Bed\u00fcrfnissen der Menschen, die in Baunatal leben, orientiert, sozialgerecht, integrierend und inklusiv gestalten. Ausgrenzung und Rassismus und eine Politik, die dies unterst\u00fctzt, werden nicht toleriert und bek\u00e4mpft.<\/p>\n\n\n\n<p><strong><em>Ein konkretes Beispiel:<\/em><\/strong><\/p>\n\n\n\n<p>Zu unseren Forderungen geh\u00f6rt ein geb\u00fchrenfreies Betreuungsangebot in der Regelversorgung und sehr viel moderatere Geb\u00fchren f\u00fcr Zusatzangebote (z.B. am Nachmittag <em>ab 15 Uhr<\/em> oder in den Ferien) von Kita-, Krippen-, U 3- und Hortpl\u00e4tzen, um allen Familien mit Kindern eine qualifizierte Betreuung, Bildung und Teilhabe zu erm\u00f6glichen und au\u00dferdem eine bessere Integration von beiden Elternteilen auf dem Arbeitsmarkt voranzutreiben. Stichwort: F\u00f6rderung von sozialgerechter Chancengleichheit von klein auf. Hier haben die anderen Parteien in Baunatal via politischer Mehrheit in der Stadtverordnetenversammlung im Januar 2023 einen Beschluss zur Haushaltskonsolidierung auf Kosten eben dieser genannten Bev\u00f6lkerungsgruppe gef\u00e4llt. Dies kann eine erh\u00f6hte Zahl von Abmeldungen aus Kostengr\u00fcnden und somit eine ungewollte Reduktion der Betreuungszahlen zur Folge haben und wird von uns GR\u00dcNEN regelm\u00e4\u00dfig hinterfragt werden!<\/p>\n\n\n\n<p><strong><em>Unsere Arbeit in der AG:<\/em><\/strong><\/p>\n\n\n\n<p>Neben einer ersten Sammlung von Zahlen, Daten, Fakten zur Bev\u00f6lkerungsstruktur in Baunatal und den kommunalen, freien, privaten, gemeinn\u00fctzigen und ehrenamtlichen Angeboten haben wir erste Ideen f\u00fcr unsere konkrete Arbeit gesammelt. Einige befinden sich auch schon in der Umsetzung:<\/p>\n\n\n\n<ol type=\"1\"><li>Thema: Integration\/F\u00f6rderung\/Unterst\u00fctzung von \u00c4lteren Menschen und Ehrenamtlichen\/Engagierten Menschen: <strong>Besuch<\/strong> zum Kennenlernen der Ziele, Konzeptionen, Angebote, Zukunft <strong>der Leitstelle \u00c4lterwerden<\/strong>, inkl. der Beratungsstelle Pflege und der Engagementf\u00f6rderstelle der Stadt Baunatal, Rembrandtstr. 6, <strong>am Fr. 11.08.2023 um 15 Uhr<\/strong><\/li><li>Thema: Integration\/F\u00f6rderung\/Unterst\u00fctzung von Bewohner*innen des Stadtteils Baunsberg: <strong>Besuch<\/strong> zum Kennenlernen der Ziele, Konzeptionen, Angebote <strong>des Stadtteilzentrums am Baunsberg<\/strong> der Stadt Baunatal, Bornhagen 3 <strong>am Mi. 13.09.2023 um 16 Uhr<\/strong><\/li><li>Thema: Kontaktaufnahme+Kennenlernen, evtl. F\u00f6rderung+Unterst\u00fctzung von diversen Religionsgemeinschaften, Stichwort: Spaltung und Ausgrenzung \u00fcberwinden durch Besuche verschiedener Religionsgemeinschaften. F\u00fcr Oktober\/November ist ein Termin in einer t\u00fcrkischen Moschee geplant, ein Besuch in einer Synagoge, bei der ev. und kath. Kirche sowie ggfs. weiterer Religionsgemeinschaften<\/li><li>Thema: Integration von Ausl\u00e4nder*innen: Vernetzung mit dem Ausl\u00e4nderbeirat<\/li><li>Thema: Integration\/Inklusion von Menschen mit Behinderung. Besuch der Baunataler Diakonie Kassel eV, Baunataler Werkst\u00e4tten (noch in Vorplanung)<\/li><li>Thema: Gesundheit + Medizinische Versorgung in Baunatal<\/li><li>Thema: Spezifische Angebote f\u00fcr Kinder und Jugendlichem zur Betreuung, F\u00f6rderung etc.<\/li><li>Thema: Spezifische Angebote f\u00fcr Frauen, Gespr\u00e4ch mit der Frauenbeauftragten der Stadt Baunatal<\/li><li>Thema: Kontakt und Vernetzung mit den verschiedenen Sportvereinen in Baunatal, die nicht nur, aber auch eine wichtige integrierende Kinder- und Jugendarbeit leisten \u2026<\/li><\/ol>\n\n\n\n<p><strong><em>Wir freuen uns \u00fcber jegliche Kontaktaufnahme, Mitarbeit und Unterst\u00fctzung:<\/em><\/strong><\/p>\n\n\n\n<p><a href=\"mailto:gruene.baunatal@gmail.com\">gruene.baunatal@gmail.com<\/a><\/p>\n\n\n\n<p>Sprecherin der AG Soziales:<\/p>\n\n\n\n<p>Irle J\u00fcrgens<\/p>\n\n\n\n<p class=\"has-text-align-right\">Stand: August 2023<\/p>\n","protected":false},"excerpt":{"rendered":"<p>Wir m\u00f6chten uns vorstellen: Zur Zeit sind wir drei Aktive Mitglieder des OV in der Arbeitsgemeinschaft, die sich zu sozialen Themen in Baunatal austauschen. Uns bewegt: Wie kann soziale Politik&#8230; <\/p>\n","protected":false},"author":20,"featured_media":0,"parent":0,"menu_order":0,"comment_status":"closed","ping_status":"closed","template":"","meta":{"ngg_post_thumbnail":0},"_links":{"self":[{"href":"http:\/\/gruene-lk-ks.de\/baunatal\/wp-json\/wp\/v2\/pages\/3616"}],"collection":[{"href":"http:\/\/gruene-lk-ks.de\/baunatal\/wp-json\/wp\/v2\/pages"}],"about":[{"href":"http:\/\/gruene-lk-ks.de\/baunatal\/wp-json\/wp\/v2\/types\/page"}],"author":[{"embeddable":true,"href":"http:\/\/gruene-lk-ks.de\/baunatal\/wp-json\/wp\/v2\/users\/20"}],"replies":[{"embeddable":true,"href":"http:\/\/gruene-lk-ks.de\/baunatal\/wp-json\/wp\/v2\/comments?post=3616"}],"version-history":[{"count":1,"href":"http:\/\/gruene-lk-ks.de\/baunatal\/wp-json\/wp\/v2\/pages\/3616\/revisions"}],"predecessor-version":[{"id":3618,"href":"http:\/\/gruene-lk-ks.de\/baunatal\/wp-json\/wp\/v2\/pages\/3616\/revisions\/3618"}],"wp:attachment":[{"href":"http:\/\/gruene-lk-ks.de\/baunatal\/wp-json\/wp\/v2\/media?parent=3616"}],"curies":[{"name":"wp","href":"https:\/\/api.w.org\/{rel}","templated":true}]}}

<p><strong><em>Wir möchten uns vorstellen:</em></strong></p>



<p>Zur Zeit sind wir drei Aktive Mitglieder des OV in der Arbeitsgemeinschaft, die sich zu sozialen Themen in Baunatal austauschen.</p>



<p><strong><em>Uns bewegt:</em></strong></p>



<p>Wie kann soziale Politik in Baunatal sozialgerecht gestaltet werden? Wie können die Bürger*innen in sozialen Belangen unterstützt werden? Wie kann in Baunatal eine gelungene Integration und Inklusion aller Bevölkerungsgruppen erreicht werden? Welche Angebote zur Unterstützung gibt es hierzu von Seiten der Stadt Baunatal und von Freien Trägern? Wo kann GRÜNE Kommunalpolitik allgemein ansetzen, aber auch spezifisch die Interessen einzelner Bevölkerungsgruppen (z.B. von Familien mit Kindern, Sporttreibenden, Ukraine-Flüchtlingen, Religionsgemeinschaften, …) unterstützen, vertreten und fördern…</p>



<p><strong><em>Unser Ziele:</em></strong></p>



<p>Wir möchten Sozialpolitik offen und transparent, an den Bedürfnissen der Menschen, die in Baunatal leben, orientiert, sozialgerecht, integrierend und inklusiv gestalten. Ausgrenzung und Rassismus und eine Politik, die dies unterstützt, werden nicht toleriert und bekämpft.</p>



<p><strong><em>Ein konkretes Beispiel:</em></strong></p>



<p>Zu unseren Forderungen gehört ein gebührenfreies Betreuungsangebot in der Regelversorgung und sehr viel moderatere Gebühren für Zusatzangebote (z.B. am Nachmittag <em>ab 15 Uhr</em> oder in den Ferien) von Kita-, Krippen-, U 3- und Hortplätzen, um allen Familien mit Kindern eine qualifizierte Betreuung, Bildung und Teilhabe zu ermöglichen und außerdem eine bessere Integration von beiden Elternteilen auf dem Arbeitsmarkt voranzutreiben. Stichwort: Förderung von sozialgerechter Chancengleichheit von klein auf. Hier haben die anderen Parteien in Baunatal via politischer Mehrheit in der Stadtverordnetenversammlung im Januar 2023 einen Beschluss zur Haushaltskonsolidierung auf Kosten eben dieser genannten Bevölkerungsgruppe gefällt. Dies kann eine erhöhte Zahl von Abmeldungen aus Kostengründen und somit eine ungewollte Reduktion der Betreuungszahlen zur Folge haben und wird von uns GRÜNEN regelmäßig hinterfragt werden!</p>



<p><strong><em>Unsere Arbeit in der AG:</em></strong></p>



<p>Neben einer ersten Sammlung von Zahlen, Daten, Fakten zur Bevölkerungsstruktur in Baunatal und den kommunalen, freien, privaten, gemeinnützigen und ehrenamtlichen Angeboten haben wir erste Ideen für unsere konkrete Arbeit gesammelt. Einige befinden sich auch schon in der Umsetzung:</p>



<ol type="1"><li>Thema: Integration/Förderung/Unterstützung von Älteren Menschen und Ehrenamtlichen/Engagierten Menschen: <strong>Besuch</strong> zum Kennenlernen der Ziele, Konzeptionen, Angebote, Zukunft <strong>der Leitstelle Älterwerden</strong>, inkl. der Beratungsstelle Pflege und der Engagementförderstelle der Stadt Baunatal, Rembrandtstr. 6, <strong>am Fr. 11.08.2023 um 15 Uhr</strong></li><li>Thema: Integration/Förderung/Unterstützung von Bewohner*innen des Stadtteils Baunsberg: <strong>Besuch</strong> zum Kennenlernen der Ziele, Konzeptionen, Angebote <strong>des Stadtteilzentrums am Baunsberg</strong> der Stadt Baunatal, Bornhagen 3 <strong>am Mi. 13.09.2023 um 16 Uhr</strong></li><li>Thema: Kontaktaufnahme+Kennenlernen, evtl. Förderung+Unterstützung von diversen Religionsgemeinschaften, Stichwort: Spaltung und Ausgrenzung überwinden durch Besuche verschiedener Religionsgemeinschaften. Für Oktober/November ist ein Termin in einer türkischen Moschee geplant, ein Besuch in einer Synagoge, bei der ev. und kath. Kirche sowie ggfs. weiterer Religionsgemeinschaften</li><li>Thema: Integration von Ausländer*innen: Vernetzung mit dem Ausländerbeirat</li><li>Thema: Integration/Inklusion von Menschen mit Behinderung. Besuch der Baunataler Diakonie Kassel eV, Baunataler Werkstätten (noch in Vorplanung)</li><li>Thema: Gesundheit + Medizinische Versorgung in Baunatal</li><li>Thema: Spezifische Angebote für Kinder und Jugendlichem zur Betreuung, Förderung etc.</li><li>Thema: Spezifische Angebote für Frauen, Gespräch mit der Frauenbeauftragten der Stadt Baunatal</li><li>Thema: Kontakt und Vernetzung mit den verschiedenen Sportvereinen in Baunatal, die nicht nur, aber auch eine wichtige integrierende Kinder- und Jugendarbeit leisten …</li></ol>



<p><strong><em>Wir freuen uns über jegliche Kontaktaufnahme, Mitarbeit und Unterstützung:</em></strong></p>



<p><a href="mailto:gruene.baunatal@gmail.com">gruene.baunatal@gmail.com</a></p>



<p>Sprecherin der AG Soziales:</p>



<p>Irle Jürgens</p>



<p class="has-text-align-right">Stand: August 2023</p>

<p>Wir möchten uns vorstellen: Zur Zeit sind wir drei Aktive Mitglieder des OV in der Arbeitsgemeinschaft, die sich zu sozialen Themen in Baunatal austauschen. Uns bewegt: Wie kann soziale Politik&#8230; </p>
