{"id":3771,"date":"2024-02-12T18:42:57","date_gmt":"2024-02-12T16:42:57","guid":{"rendered":"http:\/\/gruene-lk-ks.de\/baunatal\/?page_id=3771"},"modified":"2024-07-19T09:03:41","modified_gmt":"2024-07-19T07:03:41","slug":"ag-energie","status":"publish","type":"page","link":"http:\/\/gruene-lk-ks.de\/baunatal\/ag-energie\/","title":{"rendered":"AG Energie"},"content":{"rendered":"\n<h2 class=\"has-text-align-center\"><strong>Aktuelles<\/strong>: Infotag rund um E-Mobilit\u00e4t am 31.8.2024<\/h2>\n\n\n\n<div class=\"wp-block-buttons aligncenter\">\n<div class=\"wp-block-button is-style-fill\"><a class=\"wp-block-button__link has-black-color has-vivid-green-cyan-background-color has-text-color has-background\" href=\"http:\/\/gruene-lk-ks.de\/baunatal\/?page_id=3846\" style=\"border-radius:3px\">weitere Infos zum E-Mobilit\u00e4ts-Tag hier<\/a><\/div>\n<\/div>\n\n\n\n<hr class=\"wp-block-separator\" \/>\n\n\n\n<p>Die Arbeitsgruppe Energie der Gr\u00fcnen -Ortsverein Baunatal-, m\u00f6chte Anlaufpunkt sein f\u00fcr Menschen, die sich aktiv an der Gestaltung der Energie- und W\u00e4rmewende in Baunatal beteiligen m\u00f6chten. Wir sind offen f\u00fcr jeden, auch ohne Parteimitgliedschaft.<\/p>\n\n\n\n<p>Wir organisieren Veranstaltungen zum Einsatz moderner, erneuerbaren Energien im Privat- und Gewerbebereich. Wir m\u00f6chten Ideen entwickeln zur Verbesserung der CO\u00b2-Bilanz der Stadt Baunatal und fragen, wie eine Strom- und W\u00e4rmewende mit regenerativen Energien in Baunatal aussehen k\u00f6nnte. Vielleicht mit Stadtwerken als Strom- und W\u00e4rmelieferant und eigenem Wind- und Solarpark mit B\u00fcrgerbeteiligung? Und schlie\u00dflich m\u00f6chten wir Einfluss nehmen auf die kommunale Politik, durch Ausarbeitung von Anfragen und Antr\u00e4gen f\u00fcr die Stadtverordnetenversammlung.<\/p>\n\n\n\n<p>Wir w\u00fcrden uns freuen, Sie in unserer Gruppe begr\u00fc\u00dfen zu k\u00f6nnen!<\/p>\n\n\n\n<p>Kontakt per <a href=\"eugenia@t-online.de\" data-type=\"URL\" data-id=\"eugenia@t-online.de\">Mail <\/a>oder unter 01523\/8922659.<\/p>\n\n\n\n<p class=\"has-text-align-right\">Stand Februar 2024<\/p>\n","protected":false},"excerpt":{"rendered":"<p>Aktuelles: Infotag rund um E-Mobilit\u00e4t am 31.8.2024 Die Arbeitsgruppe Energie der Gr\u00fcnen -Ortsverein Baunatal-, m\u00f6chte Anlaufpunkt sein f\u00fcr Menschen, die sich aktiv an der Gestaltung der Energie- und W\u00e4rmewende in&#8230; <\/p>\n","protected":false},"author":20,"featured_media":0,"parent":0,"menu_order":0,"comment_status":"closed","ping_status":"closed","template":"","meta":{"ngg_post_thumbnail":0},"_links":{"self":[{"href":"http:\/\/gruene-lk-ks.de\/baunatal\/wp-json\/wp\/v2\/pages\/3771"}],"collection":[{"href":"http:\/\/gruene-lk-ks.de\/baunatal\/wp-json\/wp\/v2\/pages"}],"about":[{"href":"http:\/\/gruene-lk-ks.de\/baunatal\/wp-json\/wp\/v2\/types\/page"}],"author":[{"embeddable":true,"href":"http:\/\/gruene-lk-ks.de\/baunatal\/wp-json\/wp\/v2\/users\/20"}],"replies":[{"embeddable":true,"href":"http:\/\/gruene-lk-ks.de\/baunatal\/wp-json\/wp\/v2\/comments?post=3771"}],"version-history":[{"count":5,"href":"http:\/\/gruene-lk-ks.de\/baunatal\/wp-json\/wp\/v2\/pages\/3771\/revisions"}],"predecessor-version":[{"id":3852,"href":"http:\/\/gruene-lk-ks.de\/baunatal\/wp-json\/wp\/v2\/pages\/3771\/revisions\/3852"}],"wp:attachment":[{"href":"http:\/\/gruene-lk-ks.de\/baunatal\/wp-json\/wp\/v2\/media?parent=3771"}],"curies":[{"name":"wp","href":"https:\/\/api.w.org\/{rel}","templated":true}]}}

<h2 class="has-text-align-center"><strong>Aktuelles</strong>: Infotag rund um E-Mobilität am 31.8.2024</h2>



<div class="wp-block-buttons aligncenter">
<div class="wp-block-button is-style-fill"><a class="wp-block-button__link has-black-color has-vivid-green-cyan-background-color has-text-color has-background" href="http://gruene-lk-ks.de/baunatal/?page_id=3846" style="border-radius:3px">weitere Infos zum E-Mobilitäts-Tag hier</a></div>
</div>



<hr class="wp-block-separator" />



<p>Die Arbeitsgruppe Energie der Grünen -Ortsverein Baunatal-, möchte Anlaufpunkt sein für Menschen, die sich aktiv an der Gestaltung der Energie- und Wärmewende in Baunatal beteiligen möchten. Wir sind offen für jeden, auch ohne Parteimitgliedschaft.</p>



<p>Wir organisieren Veranstaltungen zum Einsatz moderner, erneuerbaren Energien im Privat- und Gewerbebereich. Wir möchten Ideen entwickeln zur Verbesserung der CO²-Bilanz der Stadt Baunatal und fragen, wie eine Strom- und Wärmewende mit regenerativen Energien in Baunatal aussehen könnte. Vielleicht mit Stadtwerken als Strom- und Wärmelieferant und eigenem Wind- und Solarpark mit Bürgerbeteiligung? Und schließlich möchten wir Einfluss nehmen auf die kommunale Politik, durch Ausarbeitung von Anfragen und Anträgen für die Stadtverordnetenversammlung.</p>



<p>Wir würden uns freuen, Sie in unserer Gruppe begrüßen zu können!</p>



<p>Kontakt per <a href="eugenia@t-online.de" data-type="URL" data-id="eugenia@t-online.de">Mail </a>oder unter 01523/8922659.</p>



<p class="has-text-align-right">Stand Februar 2024</p>

<p>Aktuelles: Infotag rund um E-Mobilität am 31.8.2024 Die Arbeitsgruppe Energie der Grünen -Ortsverein Baunatal-, möchte Anlaufpunkt sein für Menschen, die sich aktiv an der Gestaltung der Energie- und Wärmewende in&#8230; </p>
