{"id":3931,"date":"2024-11-04T17:53:51","date_gmt":"2024-11-04T15:53:51","guid":{"rendered":"http:\/\/gruene-lk-ks.de\/baunatal\/?page_id=3931"},"modified":"2024-11-04T20:54:34","modified_gmt":"2024-11-04T18:54:34","slug":"vorstand-2","status":"publish","type":"page","link":"http:\/\/gruene-lk-ks.de\/baunatal\/vorstand-2\/","title":{"rendered":"Vorstand"},"content":{"rendered":"\n<figure class=\"wp-block-image size-large\"><a class=\"fancybox\" rel=\"gallery3931\" href=\"http:\/\/gruene-lk-ks.de\/baunatal\/files\/2024\/09\/2024-09-10-Neuer-Ortsverbandsvorstand-e1726486498362.jpg\"><img loading=\"lazy\" width=\"800\" height=\"474\" src=\"http:\/\/gruene-lk-ks.de\/baunatal\/files\/2024\/09\/2024-09-10-Neuer-Ortsverbandsvorstand-e1726486498362-800x474.jpg\" alt=\"\" class=\"wp-image-3910\" srcset=\"http:\/\/gruene-lk-ks.de\/baunatal\/files\/2024\/09\/2024-09-10-Neuer-Ortsverbandsvorstand-e1726486498362-800x474.jpg 800w, http:\/\/gruene-lk-ks.de\/baunatal\/files\/2024\/09\/2024-09-10-Neuer-Ortsverbandsvorstand-e1726486498362-400x237.jpg 400w, http:\/\/gruene-lk-ks.de\/baunatal\/files\/2024\/09\/2024-09-10-Neuer-Ortsverbandsvorstand-e1726486498362-768x455.jpg 768w, http:\/\/gruene-lk-ks.de\/baunatal\/files\/2024\/09\/2024-09-10-Neuer-Ortsverbandsvorstand-e1726486498362-1536x910.jpg 1536w, http:\/\/gruene-lk-ks.de\/baunatal\/files\/2024\/09\/2024-09-10-Neuer-Ortsverbandsvorstand-e1726486498362-150x89.jpg 150w, http:\/\/gruene-lk-ks.de\/baunatal\/files\/2024\/09\/2024-09-10-Neuer-Ortsverbandsvorstand-e1726486498362.jpg 2048w\" sizes=\"(max-width: 800px) 100vw, 800px\" \/><\/a><figcaption>Von links nach recht: Jonas B\u00f6hme (Schatzmeister), Damaris M\u00fcller (Vorstandssprecherin), Marcel Suttner (Vorstandssprecher), Britt Mareen Hilmes (Beisitzerin), Lars Sch\u00fc\u00dfler (Beisitzer).<\/figcaption><\/figure>\n","protected":false},"excerpt":{"rendered":"","protected":false},"author":20,"featured_media":0,"parent":0,"menu_order":0,"comment_status":"closed","ping_status":"closed","template":"","meta":{"ngg_post_thumbnail":0},"_links":{"self":[{"href":"http:\/\/gruene-lk-ks.de\/baunatal\/wp-json\/wp\/v2\/pages\/3931"}],"collection":[{"href":"http:\/\/gruene-lk-ks.de\/baunatal\/wp-json\/wp\/v2\/pages"}],"about":[{"href":"http:\/\/gruene-lk-ks.de\/baunatal\/wp-json\/wp\/v2\/types\/page"}],"author":[{"embeddable":true,"href":"http:\/\/gruene-lk-ks.de\/baunatal\/wp-json\/wp\/v2\/users\/20"}],"replies":[{"embeddable":true,"href":"http:\/\/gruene-lk-ks.de\/baunatal\/wp-json\/wp\/v2\/comments?post=3931"}],"version-history":[{"count":2,"href":"http:\/\/gruene-lk-ks.de\/baunatal\/wp-json\/wp\/v2\/pages\/3931\/revisions"}],"predecessor-version":[{"id":3937,"href":"http:\/\/gruene-lk-ks.de\/baunatal\/wp-json\/wp\/v2\/pages\/3931\/revisions\/3937"}],"wp:attachment":[{"href":"http:\/\/gruene-lk-ks.de\/baunatal\/wp-json\/wp\/v2\/media?parent=3931"}],"curies":[{"name":"wp","href":"https:\/\/api.w.org\/{rel}","templated":true}]}}

<figure class="wp-block-image size-large"><a class="fancybox" rel="gallery3931" href="http://gruene-lk-ks.de/baunatal/files/2024/09/2024-09-10-Neuer-Ortsverbandsvorstand-e1726486498362.jpg"><img loading="lazy" width="800" height="474" src="http://gruene-lk-ks.de/baunatal/files/2024/09/2024-09-10-Neuer-Ortsverbandsvorstand-e1726486498362-800x474.jpg" alt="" class="wp-image-3910" srcset="http://gruene-lk-ks.de/baunatal/files/2024/09/2024-09-10-Neuer-Ortsverbandsvorstand-e1726486498362-800x474.jpg 800w, http://gruene-lk-ks.de/baunatal/files/2024/09/2024-09-10-Neuer-Ortsverbandsvorstand-e1726486498362-400x237.jpg 400w, http://gruene-lk-ks.de/baunatal/files/2024/09/2024-09-10-Neuer-Ortsverbandsvorstand-e1726486498362-768x455.jpg 768w, http://gruene-lk-ks.de/baunatal/files/2024/09/2024-09-10-Neuer-Ortsverbandsvorstand-e1726486498362-1536x910.jpg 1536w, http://gruene-lk-ks.de/baunatal/files/2024/09/2024-09-10-Neuer-Ortsverbandsvorstand-e1726486498362-150x89.jpg 150w, http://gruene-lk-ks.de/baunatal/files/2024/09/2024-09-10-Neuer-Ortsverbandsvorstand-e1726486498362.jpg 2048w" sizes="(max-width: 800px) 100vw, 800px" /></a><figcaption>Von links nach recht: Jonas Böhme (Schatzmeister), Damaris Müller (Vorstandssprecherin), Marcel Suttner (Vorstandssprecher), Britt Mareen Hilmes (Beisitzerin), Lars Schüßler (Beisitzer).</figcaption></figure>
