{"id":2,"date":"2021-01-19T19:59:00","date_gmt":"2021-01-19T18:59:00","guid":{"rendered":"http:\/\/gruene-lk-ks.de\/zierenberg\/?page_id=2"},"modified":"2026-01-18T13:04:30","modified_gmt":"2026-01-18T12:04:30","slug":"unser-programm-2","status":"publish","type":"page","link":"http:\/\/gruene-lk-ks.de\/zierenberg\/unser-programm-2\/","title":{"rendered":"Unser Programm"},"content":{"rendered":"\n<p><strong>Kinder- und Jugendarbeit<\/strong><br>Wir f\u00f6rdern die konzeptionelle Weiterentwicklung der Kinder- und Jugendarbeit und setzen uns f\u00fcr bedarfsgerechten Ausbau der Kinderbetreuung &#8211; besonders f\u00fcr U3 Gruppen &#8211; ein. Eine Erweiterung der Angebote im Jugendhaus in den belegungslosen Zeiten (z.B. Eltern-Kind Treff, Beratungsangebot f\u00fcr junge Eltern) sollen das soziale Leben in Zierenberg bereichern.<\/p>\n\n\n\n<div class=\"wp-block-group\"><div class=\"wp-block-group__inner-container\">\n<p><strong>Zukunft mitgestalten!<\/strong><br>Wir wollen ein Forum f\u00fcr Kinder und Jugendliche aus ganz Zierenberg etablieren, damit sie ihre Zukunft aktiv mitgestalten k\u00f6nnen.<br>&#8222;Fridays for Future&#8220; ist eine wichtige Bewegung mit der die junge Generation lautstark f\u00fcr ihre Zukunft eintritt &#8211; weil die Politik den Wandel verschlafen hat.<br>Sie fordert die Erwachsenen zurecht auf endlich auch auf die Wissenschaft zu h\u00f6ren &#8211; und nicht allein wirtschaftliche Beweggr\u00fcnde in den Vordergrund zu stellen.<br>Junge Menschen \u00fcbernehmen Verantwortung und engagieren sich politisch. Diese Motivation gilt es aufzugreifen und auf Augenh\u00f6he ernstzunehmen!<\/p>\n\n\n\n<p><strong>F\u00fcr ein buntes Zierenberg!<\/strong><br>Wir stehen f\u00fcr eine weltoffene Gesellschaft in der Solidarit\u00e4t und Vielfalt eine Bereicherung darstellt.<br>Der Rechtsextremismus im Landkreis Kassel macht uns gro\u00dfe Sorgen. Alle Menschen in Zierenberg sollten sich unabh\u00e4ngig ihrer ethnischen Herkunft, des Alters, des Geschlechts, der sexuellen Identit\u00e4t und Orientierung, der Religion oder Weltanschauung oder Behinderung in Zierenberg wohl f\u00fchlen.<\/p>\n<\/div><\/div>\n\n\n\n<p><strong>Nachhaltige Verkehrskonzepte<\/strong><br>Die Gestaltung familienfreundlicher Verkehrspolitik, speziell in den Bereichen von Kitas, Schulen und anderen belebten Bereichen, ist uns sehr wichtig.<br>Mit dem Ausbau von Radwegen und des \u00d6PNV soll zwischen den Ortsteilen und der Kernstadt eine bessere und sicherere Verbindung hergestellt werden. So k\u00f6nnen perspektivisch &#8222;Elterntaxis&#8220; ersetzt werden.<br>Wir wollen den Ausbau der E-Mobilit\u00e4t st\u00e4rken. Die Installation von Lades\u00e4ulen in Zierenberg ist notwendig.<\/p>\n\n\n\n<p><strong>Regionales &amp; Kultur<\/strong><br>Durch eine Wiederbelebung der Zierenberger Kernstadt und der Dorfl\u00e4den in den Ortsteilen &#8211; nach Vorbild des Dorfladens in Oberelsungen &#8211; k\u00f6nnten ans\u00e4ssige Handwerker:innen und Lebensmittelproduzent:innen ihre einzigartigen Waren lokal fl\u00e4chendeckend verkaufen. Mit der Vermarktung regionaler Produkte werden Warenkreisl\u00e4ufe verk\u00fcrzt, Wertsch\u00f6pfung bleibt in der Region und der CO2-Aussto\u00df langer Transportwege entf\u00e4llt. <\/p>\n\n\n\n<p>Corona hat die Wanderlust der Menschen geweckt. Zierenberg hat eine so wunderbare Landschaft. Wenn dazu Gastronomie zum Verweilen einl\u00e4dt, die Wanderwege noch besser ausgeschildert sind und die Webseite der Stadt Zierenberg &#8211; in Verbindung mit einer Zierenberg-App &#8211; die Vorz\u00fcge der Region konsequenter bewirbt, kann sanfter Tourismus ein nennenswerter Wirtschaftsfaktor f\u00fcr Zierenberg werden.<\/p>\n\n\n\n<p>Ein weiteres gro\u00dfes Anliegen ist es, Kunst und Kultur im l\u00e4ndlichen Raum zu f\u00f6rdern und damit unsere Stadt und ihre Ortsteile weiter zu beleben und f\u00fcr die Region noch interessanter zu machen.<\/p>\n\n\n\n<p><strong>Digitalisierung<\/strong><br>Der Ausbau der digitalen Infrastruktur entscheidet dar\u00fcber, wie attraktiv das Leben und Arbeiten in Zierenberg und seinen Ortsteilen ist. Digitales Rathaus, ZierenbergApp und das Voranbringen des fl\u00e4chendeckenden Glasfaserausbaus sind die wichtigsten Bausteine.<\/p>\n\n\n\n<p><strong>Landwirtschaft, Tier- und Umweltschutz<\/strong><br>Entwicklung von zukunftsf\u00e4higer Landwirtschaft im Spannungsfeld zwischen Biodiversit\u00e4t, Tierwohl, Klimawandel und Europ\u00e4ischer Union stellt eine der gr\u00f6\u00dften Herausforderungen der Zukunft dar. Der Versiegelung weiterer landwirtschaftlicher Fl\u00e4chen muss Einhalt geboten werden. Aber auch neue Konzepte, wie die der Solidarischen Landwirtschaft m\u00fcssen mitgedacht werden. <\/p>\n\n\n\n<p>Jeder kann hinter und vor seiner Haust\u00fcr einen Beitrag leisten.<br>\u00dcber die kommunalen Entscheidungsebenen k\u00f6nnen dar\u00fcber hinaus viele entscheidende \u00c4nderungen beschlossen und umgesetzt werden:<br>Renaturierung kommunaler Gew\u00e4sser, Anpassung der Bebauungspl\u00e4ne durch gezielte Gartenbepflanzung mit insektenfreundlichen Pflanzen, Str\u00e4uchern und Obstb\u00e4umen &#8211; statt dem Anlegen von Schotterg\u00e4rten, Vermeidung gef\u00e4hrlicher Planzenschutzmittel, Vergr\u00f6\u00dferung der M\u00e4hintervalle und naturnahe Bepflanzung kommunaler Fl\u00e4chen, bzw. deren Nutzung als Streuobstwiesen, gezielte Koorperation mit dem regionalen Landschaftspflegeverband und Umweltverb\u00e4nden, z.B. bei der Umsetzung von Artenschutzma\u00dfnahmen &#8211; sinnvolle Vernetzung und Naturschutz pur!<br>Mit einem nachhaltigem Fl\u00e4chenmanagement k\u00f6nnten bestehende Fl\u00e4chen und Geb\u00e4ude von Gewerbetreibenden genutzt werden, statt weitere Fl\u00e4chen zu erschlie\u00dfen.<br>Zudem k\u00f6nnten weitere st\u00e4dtische Geb\u00e4ude mit Solarthermie und Photovoltaik ausger\u00fcstet, die Betriebsbeleuchtungen durch sparsame LED-Leuchten ersetzt und die Strombeschaffung &#8211; sofern nicht durch eigene Herstellung gedeckt &#8211; auf \u00d6kostrom umgestellt werden.<br>Da kommt sicher die Frage auf, &#8222;wer soll das bezahlen&#8220;?<br>Stellen wir doch die Frage mal anders herum: Was bezahlen wir, wenn wir jetzt nicht umsteuern?<br>Es ist eine Investition in die Zukunft, ein wichtiger Beitrag zum Klimaschutz und hat Vorbildcharakter mit positiver Au\u00dfenwirkung f\u00fcr Zierenberg.<\/p>\n\n\n\n<p><strong>Welche lokalen &#8222;gr\u00fcnen&#8220; Themen sind Euch dar\u00fcber hinaus wichtig? Sprecht uns gerne an!<\/strong><\/p>\n\n\n\n<p><img loading=\"lazy\" width=\"512\" height=\"512\" class=\"wp-image-34\" style=\"width: 30px\" src=\"http:\/\/gruene-lk-ks.de\/zierenberg\/files\/2021\/01\/Facebook-Logo-No-Background.jpg\" alt=\"\" srcset=\"http:\/\/gruene-lk-ks.de\/zierenberg\/files\/2021\/01\/Facebook-Logo-No-Background.jpg 512w, http:\/\/gruene-lk-ks.de\/zierenberg\/files\/2021\/01\/Facebook-Logo-No-Background-400x400.jpg 400w, http:\/\/gruene-lk-ks.de\/zierenberg\/files\/2021\/01\/Facebook-Logo-No-Background-150x150.jpg 150w\" sizes=\"(max-width: 512px) 100vw, 512px\" \/>  <a rel=\"noreferrer noopener\" href=\"https:\/\/www.facebook.com\/zukunftinzierenberg\" data-type=\"URL\" target=\"_blank\" data-id=\"https:\/\/www.facebook.com\/zukunftinzierenberg\">Gr\u00fcne Zierenberg<\/a><\/p>\n\n\n\n<p><img loading=\"lazy\" width=\"225\" height=\"225\" class=\"wp-image-38\" style=\"width: 30px\" src=\"http:\/\/gruene-lk-ks.de\/zierenberg\/files\/2021\/01\/instagram-icon-symbol-1.jpg\" alt=\"\" srcset=\"http:\/\/gruene-lk-ks.de\/zierenberg\/files\/2021\/01\/instagram-icon-symbol-1.jpg 225w, http:\/\/gruene-lk-ks.de\/zierenberg\/files\/2021\/01\/instagram-icon-symbol-1-150x150.jpg 150w\" sizes=\"(max-width: 225px) 100vw, 225px\" \/>   <a href=\"https:\/\/www.instagram.com\/gruene_zierenberg_\/\" data-type=\"URL\" target=\"_blank\" rel=\"noreferrer noopener\">gruenezierenberg<\/a><\/p>\n\n\n\n<p><img loading=\"lazy\" width=\"512\" height=\"512\" class=\"wp-image-39\" style=\"width: 30px\" src=\"http:\/\/gruene-lk-ks.de\/zierenberg\/files\/2021\/01\/mail-64.png\" alt=\"\" srcset=\"http:\/\/gruene-lk-ks.de\/zierenberg\/files\/2021\/01\/mail-64.png 512w, http:\/\/gruene-lk-ks.de\/zierenberg\/files\/2021\/01\/mail-64-400x400.png 400w, http:\/\/gruene-lk-ks.de\/zierenberg\/files\/2021\/01\/mail-64-150x150.png 150w\" sizes=\"(max-width: 512px) 100vw, 512px\" \/>   <a href=\"mailto:info@gruene-zierenberg.de\" data-type=\"mailto\" data-id=\"mailto:info@gruene-zierenberg.de\">info@gruene-zierenberg.de<\/a><\/p>\n","protected":false},"excerpt":{"rendered":"<p>Kinder- und JugendarbeitWir f\u00f6rdern die konzeptionelle Weiterentwicklung der Kinder- und Jugendarbeit und setzen uns f\u00fcr bedarfsgerechten Ausbau der Kinderbetreuung &#8211; besonders f\u00fcr U3 Gruppen &#8211; ein. Eine Erweiterung der Angebote&#8230; <\/p>\n","protected":false},"author":22,"featured_media":0,"parent":0,"menu_order":0,"comment_status":"closed","ping_status":"closed","template":"","meta":{"ngg_post_thumbnail":0},"_links":{"self":[{"href":"http:\/\/gruene-lk-ks.de\/zierenberg\/wp-json\/wp\/v2\/pages\/2"}],"collection":[{"href":"http:\/\/gruene-lk-ks.de\/zierenberg\/wp-json\/wp\/v2\/pages"}],"about":[{"href":"http:\/\/gruene-lk-ks.de\/zierenberg\/wp-json\/wp\/v2\/types\/page"}],"author":[{"embeddable":true,"href":"http:\/\/gruene-lk-ks.de\/zierenberg\/wp-json\/wp\/v2\/users\/22"}],"replies":[{"embeddable":true,"href":"http:\/\/gruene-lk-ks.de\/zierenberg\/wp-json\/wp\/v2\/comments?post=2"}],"version-history":[{"count":13,"href":"http:\/\/gruene-lk-ks.de\/zierenberg\/wp-json\/wp\/v2\/pages\/2\/revisions"}],"predecessor-version":[{"id":277,"href":"http:\/\/gruene-lk-ks.de\/zierenberg\/wp-json\/wp\/v2\/pages\/2\/revisions\/277"}],"wp:attachment":[{"href":"http:\/\/gruene-lk-ks.de\/zierenberg\/wp-json\/wp\/v2\/media?parent=2"}],"curies":[{"name":"wp","href":"https:\/\/api.w.org\/{rel}","templated":true}]}}

<p><strong>Kinder- und Jugendarbeit</strong><br>Wir fördern die konzeptionelle Weiterentwicklung der Kinder- und Jugendarbeit und setzen uns für bedarfsgerechten Ausbau der Kinderbetreuung &#8211; besonders für U3 Gruppen &#8211; ein. Eine Erweiterung der Angebote im Jugendhaus in den belegungslosen Zeiten (z.B. Eltern-Kind Treff, Beratungsangebot für junge Eltern) sollen das soziale Leben in Zierenberg bereichern.</p>



<div class="wp-block-group"><div class="wp-block-group__inner-container">
<p><strong>Zukunft mitgestalten!</strong><br>Wir wollen ein Forum für Kinder und Jugendliche aus ganz Zierenberg etablieren, damit sie ihre Zukunft aktiv mitgestalten können.<br>&#8222;Fridays for Future&#8220; ist eine wichtige Bewegung mit der die junge Generation lautstark für ihre Zukunft eintritt &#8211; weil die Politik den Wandel verschlafen hat.<br>Sie fordert die Erwachsenen zurecht auf endlich auch auf die Wissenschaft zu hören &#8211; und nicht allein wirtschaftliche Beweggründe in den Vordergrund zu stellen.<br>Junge Menschen übernehmen Verantwortung und engagieren sich politisch. Diese Motivation gilt es aufzugreifen und auf Augenhöhe ernstzunehmen!</p>



<p><strong>Für ein buntes Zierenberg!</strong><br>Wir stehen für eine weltoffene Gesellschaft in der Solidarität und Vielfalt eine Bereicherung darstellt.<br>Der Rechtsextremismus im Landkreis Kassel macht uns große Sorgen. Alle Menschen in Zierenberg sollten sich unabhängig ihrer ethnischen Herkunft, des Alters, des Geschlechts, der sexuellen Identität und Orientierung, der Religion oder Weltanschauung oder Behinderung in Zierenberg wohl fühlen.</p>
</div></div>



<p><strong>Nachhaltige Verkehrskonzepte</strong><br>Die Gestaltung familienfreundlicher Verkehrspolitik, speziell in den Bereichen von Kitas, Schulen und anderen belebten Bereichen, ist uns sehr wichtig.<br>Mit dem Ausbau von Radwegen und des ÖPNV soll zwischen den Ortsteilen und der Kernstadt eine bessere und sicherere Verbindung hergestellt werden. So können perspektivisch &#8222;Elterntaxis&#8220; ersetzt werden.<br>Wir wollen den Ausbau der E-Mobilität stärken. Die Installation von Ladesäulen in Zierenberg ist notwendig.</p>



<p><strong>Regionales &amp; Kultur</strong><br>Durch eine Wiederbelebung der Zierenberger Kernstadt und der Dorfläden in den Ortsteilen &#8211; nach Vorbild des Dorfladens in Oberelsungen &#8211; könnten ansässige Handwerker:innen und Lebensmittelproduzent:innen ihre einzigartigen Waren lokal flächendeckend verkaufen. Mit der Vermarktung regionaler Produkte werden Warenkreisläufe verkürzt, Wertschöpfung bleibt in der Region und der CO2-Ausstoß langer Transportwege entfällt. </p>



<p>Corona hat die Wanderlust der Menschen geweckt. Zierenberg hat eine so wunderbare Landschaft. Wenn dazu Gastronomie zum Verweilen einlädt, die Wanderwege noch besser ausgeschildert sind und die Webseite der Stadt Zierenberg &#8211; in Verbindung mit einer Zierenberg-App &#8211; die Vorzüge der Region konsequenter bewirbt, kann sanfter Tourismus ein nennenswerter Wirtschaftsfaktor für Zierenberg werden.</p>



<p>Ein weiteres großes Anliegen ist es, Kunst und Kultur im ländlichen Raum zu fördern und damit unsere Stadt und ihre Ortsteile weiter zu beleben und für die Region noch interessanter zu machen.</p>



<p><strong>Digitalisierung</strong><br>Der Ausbau der digitalen Infrastruktur entscheidet darüber, wie attraktiv das Leben und Arbeiten in Zierenberg und seinen Ortsteilen ist. Digitales Rathaus, ZierenbergApp und das Voranbringen des flächendeckenden Glasfaserausbaus sind die wichtigsten Bausteine.</p>



<p><strong>Landwirtschaft, Tier- und Umweltschutz</strong><br>Entwicklung von zukunftsfähiger Landwirtschaft im Spannungsfeld zwischen Biodiversität, Tierwohl, Klimawandel und Europäischer Union stellt eine der größten Herausforderungen der Zukunft dar. Der Versiegelung weiterer landwirtschaftlicher Flächen muss Einhalt geboten werden. Aber auch neue Konzepte, wie die der Solidarischen Landwirtschaft müssen mitgedacht werden. </p>



<p>Jeder kann hinter und vor seiner Haustür einen Beitrag leisten.<br>Über die kommunalen Entscheidungsebenen können darüber hinaus viele entscheidende Änderungen beschlossen und umgesetzt werden:<br>Renaturierung kommunaler Gewässer, Anpassung der Bebauungspläne durch gezielte Gartenbepflanzung mit insektenfreundlichen Pflanzen, Sträuchern und Obstbäumen &#8211; statt dem Anlegen von Schottergärten, Vermeidung gefährlicher Planzenschutzmittel, Vergrößerung der Mähintervalle und naturnahe Bepflanzung kommunaler Flächen, bzw. deren Nutzung als Streuobstwiesen, gezielte Koorperation mit dem regionalen Landschaftspflegeverband und Umweltverbänden, z.B. bei der Umsetzung von Artenschutzmaßnahmen &#8211; sinnvolle Vernetzung und Naturschutz pur!<br>Mit einem nachhaltigem Flächenmanagement könnten bestehende Flächen und Gebäude von Gewerbetreibenden genutzt werden, statt weitere Flächen zu erschließen.<br>Zudem könnten weitere städtische Gebäude mit Solarthermie und Photovoltaik ausgerüstet, die Betriebsbeleuchtungen durch sparsame LED-Leuchten ersetzt und die Strombeschaffung &#8211; sofern nicht durch eigene Herstellung gedeckt &#8211; auf Ökostrom umgestellt werden.<br>Da kommt sicher die Frage auf, &#8222;wer soll das bezahlen&#8220;?<br>Stellen wir doch die Frage mal anders herum: Was bezahlen wir, wenn wir jetzt nicht umsteuern?<br>Es ist eine Investition in die Zukunft, ein wichtiger Beitrag zum Klimaschutz und hat Vorbildcharakter mit positiver Außenwirkung für Zierenberg.</p>



<p><strong>Welche lokalen &#8222;grünen&#8220; Themen sind Euch darüber hinaus wichtig? Sprecht uns gerne an!</strong></p>



<p><img loading="lazy" width="512" height="512" class="wp-image-34" style="width: 30px" src="http://gruene-lk-ks.de/zierenberg/files/2021/01/Facebook-Logo-No-Background.jpg" alt="" srcset="http://gruene-lk-ks.de/zierenberg/files/2021/01/Facebook-Logo-No-Background.jpg 512w, http://gruene-lk-ks.de/zierenberg/files/2021/01/Facebook-Logo-No-Background-400x400.jpg 400w, http://gruene-lk-ks.de/zierenberg/files/2021/01/Facebook-Logo-No-Background-150x150.jpg 150w" sizes="(max-width: 512px) 100vw, 512px" />  <a rel="noreferrer noopener" href="https://www.facebook.com/zukunftinzierenberg" data-type="URL" target="_blank" data-id="https://www.facebook.com/zukunftinzierenberg">Grüne Zierenberg</a></p>



<p><img loading="lazy" width="225" height="225" class="wp-image-38" style="width: 30px" src="http://gruene-lk-ks.de/zierenberg/files/2021/01/instagram-icon-symbol-1.jpg" alt="" srcset="http://gruene-lk-ks.de/zierenberg/files/2021/01/instagram-icon-symbol-1.jpg 225w, http://gruene-lk-ks.de/zierenberg/files/2021/01/instagram-icon-symbol-1-150x150.jpg 150w" sizes="(max-width: 225px) 100vw, 225px" />   <a href="https://www.instagram.com/gruene_zierenberg_/" data-type="URL" target="_blank" rel="noreferrer noopener">gruenezierenberg</a></p>



<p><img loading="lazy" width="512" height="512" class="wp-image-39" style="width: 30px" src="http://gruene-lk-ks.de/zierenberg/files/2021/01/mail-64.png" alt="" srcset="http://gruene-lk-ks.de/zierenberg/files/2021/01/mail-64.png 512w, http://gruene-lk-ks.de/zierenberg/files/2021/01/mail-64-400x400.png 400w, http://gruene-lk-ks.de/zierenberg/files/2021/01/mail-64-150x150.png 150w" sizes="(max-width: 512px) 100vw, 512px" />   <a href="mailto:info@gruene-zierenberg.de" data-type="mailto" data-id="mailto:info@gruene-zierenberg.de">info@gruene-zierenberg.de</a></p>

<p>Kinder- und JugendarbeitWir fördern die konzeptionelle Weiterentwicklung der Kinder- und Jugendarbeit und setzen uns für bedarfsgerechten Ausbau der Kinderbetreuung &#8211; besonders für U3 Gruppen &#8211; ein. Eine Erweiterung der Angebote&#8230; </p>
